41. Let i(d) = d**3 + 2*d**2 + 1. Let r be i(-2). Give m(r).
5
Let v(h) = h**3 + 5*h**2 - 3. Suppose -13*l - 57 = -5. What is v(l)?
13
Let k(u) = 2*u**2 - 5*u - 1. Let v(g) = 5*g**2 - 11*g - 2. Let s(i) = 7*k(i) - 3*v(i). Determine s(-3).
-4
Let n(x) = 3*x**3 - 30*x**2 + 29*x + 52. Let u(c) = -c**3 + 10*c**2 - 10*c - 18. Let g(r) = -6*n(r) - 17*u(r). Give g(9).
39
Let a(x) = -2*x**2 - 1. Let w be ((300/16)/5)/((-6)/(-32)). Let z = w + -22. What is a(z)?
-9
Let s(f) = 7*f**3 - f**2 - 4*f + 9. Let h(i) = i**3 + 1. Let a(u) = 6*h(u) - s(u). Let x be 2*(-1)/3*(-394 + 391). Give a(x).
1
Let o be 6/(-5*10/100). Let v(x) = 2*x + 12. Calculate v(o).
-12
Let z be 30/3 + (-3184)/320. Let c(t) be the second derivative of -2*t**2 - 1/2*t**3 + 0 - z*t**5 + 10*t - 5/12*t**4. Calculate c(-5).
11
Suppose 0 = -5*q + c + 23, -q + c = 5*c - 13. Let s be 8/(-20) - (-52)/q. Suppose 29 = 5*g + z, -4*z + s = 3*g - 4. Let a(t) = t - 4. Calculate a(g).
2
Let j(f) = 5*f**3 + 2*f**3 + 4 - 3*f**3 - 3*f**3 + 4*f + 6*f**2 + 0. Suppose r = 3*b + 22 - 5, -2*b - 6 = 2*r. Calculate j(b).
9
Let f(j) = 21*j + 43. Let y(a) = -4*a - 8. Let s(r) = 2*f(r) + 11*y(r). What is s(-4)?
6
Let p(r) = 3*r - 3*r**2 - 2*r + 2*r**2. Suppose -4 = d - 4*y - 12, 5*d + 2*y + 4 = 0. Calculate p(d).
0
Let d(m) = m + 2. Let p be d(-2). Suppose 5*x + 25 = 5*i, p*i - 21 = -3*i + 5*x. Let j(n) = 5*n + n - 5*n + n**i + 8 + 1. Give j(0).
9
Let k be -11 + 492/27 + (-2)/9. Suppose 5*b - 6*t = -2*t - 3, 2*b = 4*t - 6. Suppose -k*u + 20 = -b. Let r(s) = s**3 - 4*s**2 + 5*s - 3. Calculate r(u).
3
Let k(a) = 2*a + 1. Let n(y) = 2*y**2 + 7*y - 2. Let b be n(-6). Suppose 2 = -2*h, -t + 0*h - 25 = -2*h. Let d = t + b. What is k(d)?
3
Let v = -29 + 21. Let x(c) = 4*c**3 + 3*c**2 + 7*c + 7. Let m(r) = 11*r**3 + 9*r**2 + 20*r + 20. Let u(o) = v*x(o) + 3*m(o). Calculate u(-3).
-8
Let j(f) = f**3 - 2*f**2 - 3*f. Let u be j(3). Let v be (-4 - u)*(-2)/4. Let y(r) be the first derivative of 4*r**2 - 2*r + 220. What is y(v)?
14
Let x(z) = z**3 + 5*z**2 - z - 5. Suppose 9*a - 12*a - 120 = 0. Let d = 21 + a. Let r = d + 15. Determine x(r).
15
Let d(v) be the third derivative of -2/3*v**3 - 1/60*v**5 + 0 - 2*v**2 + 0*v - 1/24*v**4. Suppose 0 = 3*s - 6*s - 9. What is d(s)?
-10
Let y(v) = v**3 - 18*v**2 + 18*v - 16. Let s be -2*(-2)/4 - -16. Let l be y(s). Suppose -2 + l = -m. Let o(g) = 10*g**3 - 2*g**2 + 2*g - 1. Determine o(m).
9
Let a(b) be the third derivative of 5*b**4/24 - 37*b**3/6 - 87*b**2. Determine a(9).
8
Suppose 0*k - k = 0. Suppose -v + 7 + k = 0. Let m(l) = -5*l - 4*l**2 + 3*l**2 - v + 6*l**2 - 4*l**2. Calculate m(5).
-7
Let u(l) = 2*l**2 - 9*l - 5. Let h be u(5). Let b(s) = -s**2 + s + 3. What is b(h)?
3
Let b(c) = 8*c + 1. Let k(i) = -i**3 + 7*i**2 + 2*i + 2. Let f be k(7). Let d(y) = y**3 - 15*y**2 - 16*y - 2. Let n be d(f). Calculate b(n).
-15
Let f(z) = 257*z**2 - 9*z - 261*z**2 + z**3 + z + 3. Give f(6).
27
Suppose 0 = 5*k + 5*s + 20 + 10, 0 = 3*s + 6. Let y = k + 0. Let m(j) = -j - 4. Calculate m(y).
0
Let f(i) = -11*i + 1. Let k(a) = a**3 + 4*a**2 + a + 1. Let t be k(-2). Suppose t*g - 3*g - 10 = 2*n, -14 = -5*n - 3*g. Let m be n/4*0 - 1. Determine f(m).
12
Suppose -79*s + 78*s + 3*r - 4 = 0, 2*s + 29 = -r. Let g(l) = 4*l + 17. Give g(s).
-35
Let o be 9/18 - (-13)/2. Suppose o*s = 12*s - 40. Let h(r) = -r + 12. Let u be h(s). Let k(p) = 2*p**2 - 7*p + 4. What is k(u)?
8
Let h(n) be the second derivative of n - 5*n**2 + 0 - 1/6*n**3. Let q(z) = 5*z**2 - 22*z + 2. Let b be q(4). Determine h(b).
-4
Let c be (-6)/(-4) + (-9)/(-6). Suppose -3*s - 4*i - 2 = -2*s, -c*s + 8 = -2*i. Let x(h) = -h**2 + 2*h + h - 4 + s*h**2. Give x(-4).
0
Let k(c) = 1. Suppose 6*s = s + 30. Suppose 2*v - 2 = -s. Let j(w) = -6*w - 1. Let y(i) = v*k(i) + j(i). Calculate y(-2).
9
Let m(v) = -v. Let l be 2*-1*1/8*4. Let q(u) = 6*u. Let d(k) = l*q(k) - 5*m(k). Give d(2).
-2
Let n(z) be the third derivative of -z**4/8 + z**3/2 + 15*z**2 - 2. Determine n(3).
-6
Let j(o) = -o**2 - 3*o + 3. Suppose 4*s - 8 = -3*v, -2*v - v = 0. Suppose 0 = s*p + 6 + 6. Determine j(p).
-15
Suppose 4 - 28 = 12*b. Let q(t) = -3*t**2 - 4*t - 1. Determine q(b).
-5
Let x(f) be the second derivative of -f**4/12 - 5*f**3/3 - 61*f. Determine x(-10).
0
Let a(b) be the first derivative of 2*b**3/3 - 454. Give a(2).
8
Let p(f) = 3*f**2 + 4*f + 2. Let r(s) = s - 10. Let k be r(0). Let n = 14 + k. Let c be 84/(-49) + n/(-14). What is p(c)?
6
Let u(x) = x - 3. Let k(r) = 2*r - 7. Suppose -5*n + n + 3*a + 23 = 0, -2*a = 5*n. Let d(q) = n*k(q) - 5*u(q). Give d(6).
-5
Let t(h) be the first derivative of 1/4*h**4 + 1/3*h**3 - 14 + 10*h - 1/2*h**2. Determine t(0).
10
Let d(y) be the first derivative of 17*y**4/4 - y**3/3 - y**2/2 - y - 114. Calculate d(-1).
-18
Let p(d) = 5. Let f(i) = -i**3 + 7*i**2 + 10*i - 5. Let s be f(8). Let l(y) = -s - 5 + 0*y - y. Let t(n) = -2*l(n) - 7*p(n). What is t(5)?
7
Let o be 10/(-35) - (-2)/7. Let n(z) be the third derivative of -z**5/60 + z**4/24 + 2*z**3/3 - 110*z**2. Determine n(o).
4
Suppose f - 3*j + 9 = -1, -5*f - 5*j + 50 = 0. Let r(x) = 7*x**3 - 2*x**2 - 3*x**3 - f*x**3. Determine r(-2).
0
Let p(m) be the second derivative of 7/6*m**3 + 9*m + 7/2*m**2 - 1/20*m**5 + 0 + 1/2*m**4. Give p(7).
7
Let n(r) = -5*r**2 + 2*r - 8. Let m(k) = 4*k**2 - 2*k + 7. Let h(z) = -7*m(z) - 6*n(z). Determine h(2).
11
Let k(x) = 4*x**3 + 5*x**2 + 6*x - 12. Let c(l) = -46*l + 25*l + l**2 + 0*l**2 + l**3 + 22*l. Let g(z) = 5*c(z) - k(z). Determine g(0).
12
Suppose 2*z - 20 = 5*l, -6*z - 34 = 4*l - 4*z. Let w(j) be the first derivative of -j**2/2 - 5*j - 11. Calculate w(l).
1
Suppose 2754*d - 27 = 2751*d. Let m(p) = p**2 - 7*p - 22. What is m(d)?
-4
Suppose v = 3*v + y - 11, -5 = v - 3*y. Let t be 9/v*32/(-12). Let q(s) = s + 8. Let w be q(t). Let p(r) = -4*r**2 + 2. Give p(w).
-14
Suppose 0 = -0*s + 2*s + 128. Let o = 66 + s. Let n(f) = -2*f**2 + f + 2. Calculate n(o).
-4
Let l(n) = -n**2 - 8*n + 1. Suppose 6*x - x - 10 = 0. Suppose c - 5*a + 21 = 0, -5*c - x*a - a = 49. Let v be 6/33 + 101/c. Give l(v).
-8
Let v(q) = -q**2 - 6*q + 12. Let a = -845 - -839. Calculate v(a).
12
Let f(a) = 3*a. Let g = -223 - -224. Give f(g).
3
Let k(u) = -3*u + 10. Suppose 3*h + 3*i = 30, -11*h + 25 = -10*h + 4*i. Calculate k(h).
-5
Suppose 2*n - n - 27 = 2*u, 5*u + 69 = 3*n. Let z be 6/1 - u/(-4). Let b(x) = 1 - 4 + 8 + x**z. What is b(0)?
5
Let y(b) = -1 + 1383*b + 1372*b - 2764*b. Suppose 4*p + 5 = 13. Let o be (p/5)/(4/20). Determine y(o).
-19
Let i(c) = 7 - 2*c - 6*c**2 + 13*c**2 + c**3 + 6*c + 3*c. Suppose 4*j + 4*q + 7 + 5 = 0, -2*q = -j - 6. Let z be (j/3)/((-6)/(-27)). What is i(z)?
1
Let v(l) = 2*l + 8. Let r be v(3). Let i(q) = 15*q**3 + q**2. Let b be i(1). Let x = b - r. Let j(k) = -3*k - 2. Calculate j(x).
-8
Let s be 0*2*6/36. Let v be (-5)/(-2) + (-1)/(-2). Let c(y) = v*y + 6 - y - y. What is c(s)?
6
Suppose s - 4*i - 1 = 14, -5*s = -i + 1. Let w(n) = n - 2. What is w(s)?
-3
Let k = 11 + -11. Suppose k*a - 6 = a. Let t(g) = -g**2 - 5*g + 7. Calculate t(a).
1
Let g(p) = -p + 11. Let z be (-28)/(-5) + 4/10*1. Calculate g(z).
5
Let z be 6/8 + 1/4. Let f be (1*-4*z)/1. Let i(p) = -5*p - 5 + 4 - 2 + 3*p. Determine i(f).
5
Suppose -2*v + z + 1 = 0, -4*z - 5 = 4*v + 11. Let u be v/(-2) - 33/(-6). Let c(l) = l - 9. Give c(u).
-3
Let d(q) = -3*q + q + 2*q - 2*q + 4. Calculate d(-7).
18
Let g(p) = p**2 - 10*p - 1. Suppose 19*j = 31 + 178. Determine g(j).
10
Let o = -5 + 10. Suppose -8 = -4*d - 2*c + 4*c, -o*c + 13 = d. Let w(n) = -10*n**2 - d + 6 - 2. What is w(1)?
-9
Suppose -6*u - 4*u = 5*u. Let a(v) = -v + 24. Give a(u).
24
Let k(j) = -j**2 + 12*j - 9. Let f = 8 - -3. Let y be k(f). Let i(b) = 8*b**2 - 2*b**3 + 8*b + y*b**3 + b**3 + 6. Determine i(-7).
-1
Let f(m) = -4*m - 60. Let b(p) = -6*p - 89. Let n(c) = 5*b(c) - 7*f(c). Determine n(-12).
-1
Let y(m) = -m**3 + 8*m**2 - 3*m - 7. Let j(t) = t**3 - 7*t**2 + 2*t + 6. Let a = 11 - 16. Let w(c) = a*j(c) - 4*y(c). Determine w(3).
4
Let m(n) be the first derivative of n**2/2 + n + 19. What is m(2)?
3
Let n(l) = 37 + 36 + 0*l**2 - l**2 + 35 - 8*l - 96. What is n(-9)?
3
Let z(n) = 2*n**3 - 4*n**2 - 5*n - 4. Suppose 864 = -7*d + 885. Give z(d).
-1
Let o be (-1 - -2 - 0)*10. Let u = -7 + o. Let d = u - 5. Let a(w) = -2*w*